tors of 50266.
2, 41, 613
List the prime factors of 19576.
2, 2447
What are the prime factors of 23302?
2, 61, 191
List the prime factors of 4294.
2, 19, 113
What are the prime factors of 74096?
2, 11, 421
What are the prime factors of 676?
2, 13
List the prime factors of 1607.
1607
What are the prime factors of 11335?
5, 2267
What are the prime factors of 3481?
59
List the prime factors of 2647.
2647
List the prime factors of 7413.
3, 7, 353
What are the prime factors of 5953?
5953
What are the prime factors of 7613?
23, 331
List the prime factors of 9414.
2, 3, 523
What are the prime factors of 17421?
3, 5807
List the prime factors of 66127.
89, 743
List the prime factors of 3941.
7, 563
List the prime factors of 40595.
5, 23, 353
What are the prime factors of 57855?
3, 5, 7, 19, 29
List the prime factors of 3406.
2, 13, 131
List the prime factors of 5125.
5, 41
List the prime factors of 11712.
2, 3, 61
What are the prime factors of 57755?
5, 11551
List the prime factors of 239.
239
List the prime factors of 155740.
2, 5, 13, 599
List the prime factors of 228.
2, 3, 19
List the prime factors of 27379.
11, 19, 131
What are the prime factors of 448?
2, 7
List the prime factors of 40329.
3, 4481
What are the prime factors of 774?
2, 3, 43
What are the prime factors of 3378?
2, 3, 563
List the prime factors of 11252.
2, 29, 97
List the prime factors of 42.
2, 3, 7
What are the prime factors of 55716?
2, 3, 4643
What are the prime factors of 143977?
143977
List the prime factors of 648.
2, 3
What are the prime factors of 9710?
2, 5, 971
What are the prime factors of 1057?
7, 151
List the prime factors of 844.
2, 211
List the prime factors of 433.
433
List the prime factors of 10867.
10867
What are the prime factors of 15918?
2, 3, 7, 379
What are the prime factors of 58447?
211, 277
List the prime factors of 7208.
2, 17, 53
List the prime factors of 155379.
3, 7, 151
What are the prime factors of 38847?
3, 23, 563
List the prime factors of 12170.
2, 5, 1217
What are the prime factors of 121736?
2, 15217
List the prime factors of 211.
211
What are the prime factors of 3047?
11, 277
What are the prime factors of 16804?
2, 4201
List the prime factors of 2501.
41, 61
List the prime factors of 69.
3, 23
What are the prime factors of 2101?
11, 191
List the prime factors of 752.
2, 47
What are the prime factors of 301?
7, 43
What are the prime factors of 374?
2, 11, 17
What are the prime factors of 104878?
2, 41, 1279
What are the prime factors of 2901?
3, 967
What are the prime factors of 124515?
3, 5, 2767
List the prime factors of 2056.
2, 257
What are the prime factors of 313?
313
List the prime factors of 54977.
13, 4229
What are the prime factors of 59541?
3, 89, 223
List the prime factors of 2671.
2671
List the prime factors of 804.
2, 3, 67
List the prime factors of 729.
3
List the prime factors of 9316.
2, 17, 137
List the prime factors of 1414.
2, 7, 101
What are the prime factors of 16857?
3, 1873
What are the prime factors of 4943?
4943
List the prime factors of 1290.
2, 3, 5, 43
List the prime factors of 7953.
3, 11, 241
List the prime factors of 1249.
1249
What are the prime factors of 1099?
7, 157
List the prime factors of 415.
5, 83
What are the prime factors of 3670?
2, 5, 367
List the prime factors of 5497.
23, 239
List the prime factors of 13264.
2, 829
What are the prime factors of 649?
11, 59
List the prime factors of 17989.
17989
List the prime factors of 1623.
3, 541
What are the prime factors of 52?
2, 13
List the prime factors of 608.
2, 19
List the prime factors of 3609.
3, 401
List the prime factors of 6513.
3, 13, 167
What are the prime factors of 102388?
2, 11, 13, 179
List the prime factors of 99966.
2, 3, 16661
What are the prime factors of 22164?
2, 3, 1847
What are the prime factors of 45751?
45751
List the prime factors of 469.
7, 67
What are the prime factors of 34402?
2, 103, 167
What are the prime factors of 12268?
2, 3067
List the prime factors of 6266.
2, 13, 241
What are the prime factors of 1634?
2, 19, 43
List the prime factors of 66583.
11, 6053
List the prime factors of 3566.
2, 1783
List the prime factors of 67.
67
What are the prime factors of 10134?
2, 3, 563
What are the prime factors of 3159?
3, 13
What are the prime factors of 1283?
1283
What are the prime factors of 27645?
3, 5, 19, 97
List the prime factors of 1881.
3, 11, 19
What are the prime factors of 49746?
2, 3, 8291
List the prime factors of 840.
2, 3, 5, 7
List the prime factors of 1502.
2, 751
What are the prime factors of 5843?
5843
What are the prime factors of 23531?
23531
What are the prime factors of 18967?
13, 1459
List the prime factors of 42069.
3, 37, 379
List the prime factors of 3482.
2, 1741
What are the prime factors of 3035?
5, 607
What are the prime factors of 34466?
2, 19, 907
What are the prime factors of 20790?
2, 3, 5, 7, 11
List the prime factors of 14258.
2, 7129
List the prime factors of 356.
2, 89
What are the prime factors of 2429?
7, 347
List the prime factors of 9845.
5, 11, 179
What are the prime factors of 176349?
3, 29, 2027
List the prime factors of 752.
2, 47
List the prime factors of 1300.
2, 5, 13
List the prime factors of 480.
2, 3, 5
List the prime factors of 60112.
2, 13, 17
List the prime factors of 38166.
2, 3, 6361
List the prime factors of 4272.
2, 3, 89
List the prime factors of 15398.
2, 7699
List the prime factors of 4934.
2, 2467
List the prime factors of 4448.
2, 139
List the prime factors of 3182.
2, 37, 43
List the prime factors of 2221.
2221
List the prime factors of 553.
7, 79
List the prime factors of 1783.
1783
What are the prime factors of 47783?
71, 673
List the prime factors of 42087.
3, 14029
List the prime factors of 4879.
7, 17, 41
List the prime factors of 5136.
2, 3, 107
List the prime factors of 572.
2, 11, 13
What are the prime factors of 9645?
3, 5, 643
List the prime factors of 33843.
3, 29, 389
List the prime factors of 109.
109
List the prime factors of 1234.
2, 617
List the prime factors of 47656.
2, 7, 23, 37
What are the prime factors of 595?
5, 7, 17
List the prime factors of 124325.
5, 4973
List the prime factors of 9242.
2, 4621
What are the prime factors of 30354?
2, 3, 5059
List the prime factors of 13398.
2, 3, 7, 11, 29
What are the prime factors of 1185?
3, 5, 79
List the prime factors of 197.
197
What are the prime factors of 14851?
14851
What are the prime factors of 909?
3, 101
List the prime factors of 612.
2, 3, 17
List the prime factors of 622.
2, 311
List the prime factors of 1207.
17, 71
List the prime factors of 96767.
11, 19, 463
What are the prime factors of 5990?
2, 5, 599
List the prime factors of 1399.
1399
List the prime factors of 14218.
2, 7109
What are the prime factors of 1912?
2, 239
What are the prime factors of 14981?
71, 211
What are the prime factors of 1961?
37, 53
What are the prime factors of 8464?
2, 23
List the prime factors of 1970.
2, 5, 197
What are the prime factors of 52?
2, 13
What are the prime factors of 448?
2, 7
List the prime factors of 6209.
7, 887
List the prime factors of 14413.
7, 29, 71
List the prime factors of 10314.
2, 3, 191
What are the prime factors of 31214?
2, 15607
List the prime factors of 33425.
5, 7, 191
What are the prime factors of 3218?
2, 1609
What are the prime factors of 16713?
3, 619
What are the prime factors of 15716?
2, 3929
List the prime factors of 124.
2, 31
What are the prime factors of 14094?
2, 3, 29
What are the prime factors of 17314?
2, 11, 787
What are the prime factors of 226?
2, 113
List the prime factors of 8500.
2, 5, 17
List the prime factors of 644.
2, 7, 23
What are the prime factors of 1179?
3, 131
List the prime factors of 17745.
3, 5, 7, 13
List the prime factors of 1945.
5, 389
What are the prime factors of 21621?
3, 7207
What are the prime factors of 3419?
13, 263
List the prime factors of 6054.
2, 3, 1009
What are the prime factors of 39476?
2, 71, 139
What are the prime factors of 8977?
47, 191
List the prime factors of 2876.
2, 719
List the prime factors of 13264.
2, 829
What are the prime factors of 1480?
2, 5, 37
List the prime factors of 1214.
2, 607
What are the prime factors of 1645?
5, 7, 47
What are the prime factors of 1437?
3, 479
List the prime factors of 42330.
2